{"id":7400,"date":"2021-10-02T08:25:55","date_gmt":"2021-10-02T08:25:55","guid":{"rendered":"https:\/\/tufast-eco.de\/?page_id=7400"},"modified":"2025-11-03T21:44:11","modified_gmt":"2025-11-03T21:44:11","slug":"imprint","status":"publish","type":"page","link":"https:\/\/tufast-eco.de\/?page_id=7400","title":{"rendered":"Imprint"},"content":{"rendered":"\t\t<div data-elementor-type=\"wp-page\" data-elementor-id=\"7400\" class=\"elementor elementor-7400\">\n\t\t\t\t\t\t<section class=\"elementor-section elementor-top-section elementor-element elementor-element-4af4727 elementor-section-boxed elementor-section-height-default elementor-section-height-default\" data-id=\"4af4727\" data-element_type=\"section\" data-e-type=\"section\">\n\t\t\t\t\t\t<div class=\"elementor-container elementor-column-gap-default\">\n\t\t\t\t\t<div class=\"elementor-column elementor-col-100 elementor-top-column elementor-element elementor-element-0ce2f60\" data-id=\"0ce2f60\" data-element_type=\"column\" data-e-type=\"column\">\n\t\t\t<div class=\"elementor-widget-wrap elementor-element-populated\">\n\t\t\t\t\t\t<div class=\"elementor-element elementor-element-38f548f elementor-widget elementor-widget-text-editor\" data-id=\"38f548f\" data-element_type=\"widget\" data-e-type=\"widget\" data-widget_type=\"text-editor.default\">\n\t\t\t\t<div class=\"elementor-widget-container\">\n\t\t\t\t\t\t\t\t\t<section><div><div><strong>\u00a0<\/strong><\/div><h4><strong>Adresse:<\/strong><\/h4><\/div><\/section><section><div><div><div><p>TUfast e.V.<br \/>Faculty of Mechanical Engineering<br \/>Technical University of Munich<br \/>Boltzmannstrasse 15<br \/>85748 Garching b.\u00a0Munich<\/p><\/div><\/div><\/div><\/section><section><div><div><div><strong>\u00a0<\/strong><\/div><h4><strong>E-mail:<\/strong><\/h4><\/div><\/div><\/section><section><div><div><div><ul><li><em><a href=\"mailto:info.eco@tufast.de\"><i>info.eco@tufast.de<\/i> <\/a><\/em><strong>\u00a0<\/strong><\/li><\/ul><\/div><\/div><\/div><\/section><section><h4><strong>Phone:<\/strong><\/h4><\/section><section><div><div><div><ul><li><strong>Office: \u00a0<\/strong> +49 (0) 89 \/ 289-15158<\/li><li><strong>Workshop: \u00a0<\/strong> +49 (0) 89 \/ 324624-500<\/li><li><strong>Fax: \u00a0<\/strong> +49 (0) 89 \/ 289-15162<\/li><\/ul><\/div><\/div><\/div><\/section><section><div><div><h4><strong>Data protection:\u00a0<\/strong><\/h4><\/div><\/div><\/section><section><div><div><div><ul><li><strong>Contact:\u00a0\u00a0<\/strong><a href=\"mailto:datenschutz@tufast.de\">datenschutz@tufast.de<\/a><\/li><\/ul><h4><strong>Board of directors:<\/strong><\/h4><\/div><\/div><\/div><\/section><section><ul><li>Tobias Kaserer<\/li><li>Kevin Banea<\/li><li>Ren\u00e9 M\u00fcller<\/li><li>Fl\u00f3ra T\u00f3th<\/li><\/ul><\/section><section><div><div><h4><strong>Entry in the register of associations:<\/strong><\/h4><\/div><\/div><\/section><section><div><div><div><ul><li>The &#8221;\u00a0<strong>TUfast e.V.<\/strong>&#8221; has its seat in Garching and is registered under the number 18270 in the register of associations of the district court of Munich.<\/li><\/ul><\/div><\/div><\/div><\/section><section><div><div><h4><strong>Bank details:<\/strong><\/h4><\/div><\/div><\/section><section><div><div><div><ul><li><strong>Recipient:<\/strong> TUfast e.V.<\/li><li><strong>Account:<\/strong> 10455640<\/li><li><strong>BLZ:<\/strong> 70250150<\/li><li><strong>Bank:<\/strong> Kreissparkasse M\u00fcnchen Starnberg Ebersberg<\/li><li><strong>IBAN:<\/strong> DE83 7025 0150 0010 4556 40<\/li><li><strong>BIC:<\/strong> BYLADEM1KMS<\/li><li><strong>USt-IdNr.\u00a0<\/strong>DE 238391980<\/li><\/ul><\/div><\/div><\/div><\/section><section><div><hr \/><\/div><div>\u00a0<\/div><h3><strong>Haftungsausschluss:<\/strong><\/h3><div><strong>\u00a0<\/strong><\/div><\/section><section><h4><strong>1. Inhalt des Onlineangebotes<\/strong><\/h4><p>Der Verein TUfast e.V. \u00fcbernimmt keinerlei Gew\u00e4hr f\u00fcr die Aktualit\u00e4t, Korrektheit, Vollst\u00e4ndigkeit oder Qualit\u00e4t der bereitgestellten Informationen. Haftungsanspr\u00fcche gegen den TUfast e.V., welche sich auf Sch\u00e4den materieller oder ideeller Art beziehen, die durch die Nutzung oder Nichtnutzung der dargebotenen Informationen bzw. durch die Nutzung fehlerhafter und unvollst\u00e4ndiger Informationen verursacht wurden, sind grunds\u00e4tzlich ausgeschlossen, sofern seitens des TUfast e.V. kein nachweislich vors\u00e4tzliches oder grob fahrl\u00e4ssiges Verschulden vorliegt.<br \/>Alle Angebote sind freibleibend und unverbindlich. Der TUfast e.V. beh\u00e4lt es sich ausdr\u00fccklich vor, Teile der Seiten oder das gesamte Angebot ohne gesonderte Ank\u00fcndigung zu ver\u00e4ndern, zu erg\u00e4nzen, zu l\u00f6schen oder die Ver\u00f6ffentlichung zeitweise oder endg\u00fcltig einzustellen.<\/p><h4><strong>2. Verweise und Links<\/strong><\/h4><p>Bei direkten oder indirekten Verweisen auf fremde Webseiten (\u201cHyperlinks\u201d), die au\u00dferhalb des Verantwortungsbereiches des TUfast e.V. liegen, w\u00fcrde eine Haftungsverpflichtung ausschlie\u00dflich in dem Fall in Kraft treten, in dem der TUfast e.V. von den Inhalten Kenntnis hat und es ihm technisch m\u00f6glich und zumutbar w\u00e4re, die Nutzung im Falle rechtswidriger Inhalte zu verhindern.<\/p><p>Der TUfast e.V. erkl\u00e4rt hiermit ausdr\u00fccklich, dass zum Zeitpunkt der Linksetzung keine illegalen Inhalte auf den zu verlinkenden Seiten erkennbar waren. Auf die aktuelle und zuk\u00fcnftige Gestaltung, die Inhalte oder die Urheberschaft der verlinkten\/verkn\u00fcpften Seiten hat der TUfast e.V. keinerlei Einfluss. Deshalb distanziert er sich hiermit ausdr\u00fccklich von allen Inhalten aller verlinkten \/verkn\u00fcpften Seiten, die nach der Linksetzung ver\u00e4ndert wurden. Diese Feststellung gilt f\u00fcr alle innerhalb des eigenen Internetangebotes gesetzten Links und Verweise sowie f\u00fcr Fremdeintr\u00e4ge in vom TUfast e.V. eingerichteten G\u00e4steb\u00fcchern, Diskussionsforen, Linkverzeichnissen, Mailinglisten und in allen anderen Formen von Datenbanken, auf deren Inhalt externe Schreibzugriffe m\u00f6glich sind. F\u00fcr illegale, fehlerhafte oder unvollst\u00e4ndige Inhalte und insbesondere f\u00fcr Sch\u00e4den, die aus der Nutzung oder Nichtnutzung solcherart dargebotener Informationen entstehen, haftet allein der Anbieter der Seite, auf welche verwiesen wurde, nicht derjenige, der \u00fcber Links auf die jeweilige Ver\u00f6ffentlichung lediglich verweist.<\/p><h4><strong>3. Urheber- und Kennzeichenrecht<\/strong><\/h4><p>Der TUfast e.V. ist bestrebt, in allen Publikationen die Urheberrechte der verwendeten Bilder, Grafiken, Tondokumente, Videosequenzen und Texte zu beachten, von ihm selbst erstellte Bilder, Grafiken, Tondokumente, Videosequenzen und Texte zu nutzen oder auf lizenzfreie Grafiken, Tondokumente, Videosequenzen und Texte zur\u00fcckzugreifen.<br \/>Alle innerhalb des Internetangebotes genannten und ggf. durch Dritte gesch\u00fctzten Marken- und Warenzeichen unterliegen uneingeschr\u00e4nkt den Bestimmungen des jeweils g\u00fcltigen Kennzeichnungsrechts und den Besitzrechten der jeweiligen eingetragenen Eigent\u00fcmer. Allein aufgrund der blo\u00dfen Nennung ist nicht der Schluss zu ziehen, dass Markenzeichen nicht durch Rechte Dritter gesch\u00fctzt sind!<br \/>Das Copyright f\u00fcr ver\u00f6ffentlichte, vom TUfast e.V. selbst erstellte Objekte bleibt allein beim TUfast e.V.. Eine Vervielf\u00e4ltigung oder Verwendung solcher Grafiken, Tondokumente, Videosequenzen und Texte in anderen elektronischen oder gedruckten Publikationen ist ohne ausdr\u00fcckliche Zustimmung des TUfast e.V. nicht gestattet.<\/p><h4><strong>4. Rechtswirksamkeit dieses Haftungsausschlusses<\/strong><\/h4><p>Dieser Haftungsausschluss ist als Teil des Internetangebotes zu betrachten, von dem aus auf diese Seite verwiesen wurde. Sofern Teile oder einzelne Formulierungen dieses Textes der geltenden Rechtslage nicht, nicht mehr oder nicht vollst\u00e4ndig entsprechen sollten, bleiben die \u00fcbrigen Teile des Dokumentes in ihrem Inhalt und ihrer G\u00fcltigkeit davon unber\u00fchrt.<\/p><\/section><hr \/><section><div>\u00a0<\/div><div>\u00a0<\/div><h3><strong>Datenschutz:<\/strong><\/h3><h4><strong>Analysedienste<\/strong><\/h4><\/section><section><p>Unsere Website verwendet Piwik, dabei handelt es sich um einen sogenannten Webanalysedienst. Piwik verwendet sog. \u201cCookies\u201d, das sind Textdateien, die auf Ihrem Computer gespeichert werden und die unsererseits eine Analyse der Benutzung der Webseite erm\u00f6glichen. Zu diesem Zweck werden die durch den Cookie erzeugten Nutzungsinformationen (einschlie\u00dflich Ihrer gek\u00fcrzten IP-Adresse) an unseren Server \u00fcbertragen und zu Nutzungsanalysezwecken gespeichert, was der Webseitenoptimierung unsererseits dient. Ihre IP-Adresse wird bei diesem Vorgang umge\u00adhend anony\u00admi\u00adsiert, so dass Sie als Nutzer f\u00fcr uns anonym bleiben. Die durch den Cookie erzeugten Informationen \u00fcber Ihre Benutzung dieser Webseite werden nicht an Dritte weitergegeben. Sie k\u00f6nnen die Verwendung der Cookies durch eine entsprechende Einstellung Ihrer Browser Software verhindern, es kann jedoch sein, dass Sie in diesem Fall gegebenenfalls nicht s\u00e4mtliche Funktionen dieser Website voll umf\u00e4nglich nutzen k\u00f6nnen.<\/p><p>Wenn Sie mit der Spei\u00adche\u00adrung und Aus\u00adwer\u00adtung die\u00adser Daten aus Ihrem Besuch nicht ein\u00adver\u00adstan\u00adden sind, dann k\u00f6n\u00adnen Sie der Spei\u00adche\u00adrung und Nut\u00adzung nachfolgend per Maus\u00adklick jederzeit wider\u00adspre\u00adchen. In diesem Fall wird in Ihrem Browser ein sog. Opt-Out-Cookie abgelegt, was zur Folge hat, dass Piwik kei\u00adner\u00adlei Sit\u00adzungs\u00adda\u00adten erhebt. Achtung: Wenn Sie Ihre Cookies l\u00f6schen, so hat dies zur Folge, dass auch das Opt-Out-Cookie gel\u00f6scht wird und ggf. von Ihnen erneut aktiviert werden muss.<\/p><p><strong>Source:\u00a0<\/strong><a href=\"http:\/\/www.datenschutzbeauftragter-info.de\/\" target=\"_blank\" rel=\"noopener\">www.datenschutzbeauftragter-info.de<\/a><\/p><\/section>\t\t\t\t\t\t\t\t<\/div>\n\t\t\t\t<\/div>\n\t\t\t\t\t<\/div>\n\t\t<\/div>\n\t\t\t\t\t<\/div>\n\t\t<\/section>\n\t\t\t\t<\/div>\n\t\t","protected":false},"excerpt":{"rendered":"<p>\u00a0 Adresse: TUfast e.V.Faculty of Mechanical EngineeringTechnical University of MunichBoltzmannstrasse 1585748 Garching b.\u00a0Munich \u00a0 E-mail: info.eco@tufast.de \u00a0 Phone: Office: \u00a0 +49 (0) 89 \/ 289-15158 Workshop: \u00a0 +49 (0) 89 \/ 324624-500 Fax: \u00a0 +49 (0) 89 \/ 289-15162 Data protection:\u00a0 Contact:\u00a0\u00a0datenschutz@tufast.de Board of directors: Tobias Kaserer Kevin Banea Ren\u00e9 M\u00fcller Fl\u00f3ra T\u00f3th Entry in [&#8230;]\n","protected":false},"author":1,"featured_media":0,"parent":0,"menu_order":0,"comment_status":"closed","ping_status":"closed","template":"","meta":{"footnotes":""},"class_list":["post-7400","page","type-page","status-publish","hentry"],"_links":{"self":[{"href":"https:\/\/tufast-eco.de\/index.php?rest_route=\/wp\/v2\/pages\/7400","targetHints":{"allow":["GET"]}}],"collection":[{"href":"https:\/\/tufast-eco.de\/index.php?rest_route=\/wp\/v2\/pages"}],"about":[{"href":"https:\/\/tufast-eco.de\/index.php?rest_route=\/wp\/v2\/types\/page"}],"author":[{"embeddable":true,"href":"https:\/\/tufast-eco.de\/index.php?rest_route=\/wp\/v2\/users\/1"}],"replies":[{"embeddable":true,"href":"https:\/\/tufast-eco.de\/index.php?rest_route=%2Fwp%2Fv2%2Fcomments&post=7400"}],"version-history":[{"count":9,"href":"https:\/\/tufast-eco.de\/index.php?rest_route=\/wp\/v2\/pages\/7400\/revisions"}],"predecessor-version":[{"id":38153,"href":"https:\/\/tufast-eco.de\/index.php?rest_route=\/wp\/v2\/pages\/7400\/revisions\/38153"}],"wp:attachment":[{"href":"https:\/\/tufast-eco.de\/index.php?rest_route=%2Fwp%2Fv2%2Fmedia&parent=7400"}],"curies":[{"name":"wp","href":"https:\/\/api.w.org\/{rel}","templated":true}]}}